n (2*-4)/(4/u) is divided by 11.
9
Let g = 0 - -4. Calculate the remainder when (8 + -3)/((-1)/(-1)) is divided by g.
1
Let l(b) = -7*b - 2. Suppose 2*x = 15 + 13. What is the remainder when l(-8) is divided by x?
12
Suppose -3*a = 46 - 880. Suppose 4*t - 3*t = -3*z + 49, 5*t + 4*z - a = 0. What is the remainder when t is divided by 15?
13
Let s be (-4 - (1 - 10))*(-2 + 3). Suppose 0 = 2*i - 279 + 87. Suppose 44 + i = s*x. Calculate the remainder when x is divided by 10.
8
Suppose 0 = w + 14 - 41. Calculate the remainder when w is divided by (-9)/15*(24*-1 - 1).
12
Let h = 6 - 4. Suppose -5*a + 3*a + 29 = 3*q, 4*q + 3*a = 40. Calculate the remainder when q is divided by h.
1
Let h(l) = l**2 - 2*l + 3. Let k = -43 - -50. What is the remainder when h(4) is divided by k?
4
What is the remainder when (2/4)/((-2)/(-200)) is divided by (-1)/3 + (-80)/(-6)?
11
What is the remainder when 0 + -3 + 7 - -5 is divided by 4?
1
Let j(k) = k - 4. Let c be j(4). Suppose 6*i - i - 35 = c. Calculate the remainder when 11 is divided by i.
4
Let d(l) = 3*l**2 - 2*l + 13. Let r(t) = -4*t**2 + 3*t - 12. Let a(o) = 3*d(o) + 2*r(o). Calculate the remainder when 57 is divided by a(0).
12
Suppose -7*h = 38 - 59. What is the remainder when 7 is divided by h?
1
Let j(c) = 11*c - 3. Let z be j(4). Let d = -29 + z. Suppose -5*q - 5*w = -165, -60 = -3*q - 4*w + 37. What is the remainder when q is divided by d?
11
Suppose -c + 3*q + 47 = 0, -3*c - q + 10 + 151 = 0. Calculate the remainder when c is divided by 19.
15
Let x be 3/(-12) - (-5)/4. Let m be x*5*(-10)/25. Let p = m + 6. Calculate the remainder when 7 is divided by p.
3
Let p be (-427)/(-21) - (-2)/(-6). Let s = -11 + p. Calculate the remainder when 16 is divided by s.
7
Suppose -4*y + 4*m + 63 = 5*m, 4*m - 57 = -3*y. Calculate the remainder when y is divided by 9.
6
Let u(v) = 2*v**2 - 7*v. Let j = -5 + 10. Let l(m) = m**2 + 8. What is the remainder when l(6) is divided by u(j)?
14
Let p(l) = l - 4. Let b be p(6). Suppose -v = b*q + v - 62, 5*v + 13 = q. Calculate the remainder when q is divided by 10.
8
Let a = -79 + 87. Suppose -5*o + 3 - 18 = 0, 2*x = 3*o + 25. Suppose 0 = -2*l + x, 36 = 4*q - 0*q + 4*l. Calculate the remainder when a is divided by q.
3
Let t(y) = -11*y. Let q be t(-1). What is the remainder when 4 is divided by (-2)/q + (-105)/(-33)?
1
Let t be (-18)/(-1) - (6 + -4). Let u = t - 11. What is the remainder when 19 is divided by u?
4
Let g(m) = 2*m**2 + 9*m + 3. What is the remainder when 125 is divided by g(-6)?
20
Suppose -3*y = -165 + 645. Suppose b + 104 = -2*m, -6*m + 1 = -5*m. Let r = b - y. What is the remainder when r is divided by 14?
12
Let l = 6 - 7. What is the remainder when 8 is divided by (-4)/l*24/32?
2
Suppose 8 = 4*d + 2*b, d = -3*b - 1 + 3. Suppose -95 = d*w - 7*w. Calculate the remainder when 37 is divided by w.
18
Let z(s) = -s**2 + 10*s - 9. Calculate the remainder when 61 is divided by z(8).
5
Let j(f) = f**3 + 5*f**2 + 3*f - 3. Let d be j(-4). What is the remainder when 31 is divided by (-22*1/(-2))/d?
9
Calculate the remainder when -21 + 17 + (-10)/(-2)*2 is divided by 6.
0
Let n(x) = -4*x + 5. Suppose -8*w = -3*w + 2*i - 54, 4*i = -12. Calculate the remainder when n(-7) is divided by w.
9
Let z(h) = -14*h + 4. Let p = -13 - -8. Calculate the remainder when z(p) is divided by 25.
24
Suppose 2*y = 7*y - 190. Suppose -j - 2*m = -y, 0 = -4*j - j + m + 146. What is the remainder when j is divided by 8?
6
Let w(f) = f + 2. Let y be w(-4). Let q(z) = -z**3 + z - 2. Calculate the remainder when 15 is divided by q(y).
3
Suppose 19*r - 20 = 17*r. Calculate the remainder when 47 is divided by r.
7
Let r(n) = -n**3 + 8*n**2 + n + 7. Let x be r(8). Let i = x + 46. Suppose 5*t - 34 = i. What is the remainder when t is divided by 5?
4
Suppose 14 + 1 = 3*l. Suppose -l*j - 85 = -10*j. Suppose -o = -b + 9, -3*b + 27 = -0*b + 5*o. What is the remainder when j is divided by b?
8
Suppose 0 = -2*s + 5*b + 47, 5*b - 25 = -0*b. Suppose -2*h + 12 = -14. What is the remainder when s is divided by h?
10
Suppose 5*j - 181 = 174. Calculate the remainder when j is divided by 15.
11
Let g(k) = -k**2 + 4*k. Let o(i) = i**2 + 11*i + 1. Let a be o(-11). Calculate the remainder when a + 3 + 1 + 3 is divided by g(3).
2
Let g(n) = 3*n - 1 + 0 - 1. Suppose -t = -2*l - 0 - 2, -4*t + 3*l + 8 = 0. What is the remainder when 11 is divided by g(t)?
3
Suppose 3*b + 0 = 6. Suppose -10 = -b*h + 20. What is the remainder when h is divided by 9?
6
Suppose -5*c = -0*c - 215. Suppose c + 17 = 4*f. What is the remainder when f is divided by 4?
3
Suppose 4*b = x - 50, 4*b - 3*x = 9 - 63. Let c = 53 + b. Calculate the remainder when c is divided by 1 - (1 - -1) - -15.
13
Suppose -30 = -4*z + 30. Suppose -w - 48 = -9*w. What is the remainder when z is divided by w?
3
Let b(g) = -24*g + 2. Suppose -5*n + 31 + 94 = 0. Calculate the remainder when b(-4) is divided by n.
23
Suppose -2*r = -14*r + 612. Calculate the remainder when 254 is divided by r.
50
Suppose 14 + 124 = 6*z. What is the remainder when z is divided by 5?
3
Let d be 48/9 + (-4)/(-6). Calculate the remainder when 17 is divided by d/4*(4 - -2).
8
Suppose d - 9 = -0*d - 3*w, -4*w = 5*d - 23. Suppose c - d*c = -8. Let h(q) = -q**2 + 9*q - 8. Calculate the remainder when h(6) is divided by c.
2
Suppose -2*o = 3*o - h - 293, 3*h = -4*o + 242. What is the remainder when o is divided by 12?
11
Let u(m) = -m**3 + 3*m**2 + 3*m. What is the remainder when 35 is divided by u(3)?
8
Let s(q) = -q**3 - 2*q**2 - 4*q - 4. Calculate the remainder when 101 is divided by s(-3).
16
Calculate the remainder when ((-2)/6)/((-1)/3) is divided by 1.
0
Suppose -3*s = -2*p + 4*p - 101, -s = -4*p - 29. Suppose -x - s - 23 = 0. Let z = x + 103. Calculate the remainder when z is divided by 12.
11
Let m be 5/2 - (-5)/(-10). What is the remainder when ((-2)/(-6))/((-1)/(-111)) is divided by ((-2)/m)/((-1)/13)?
11
Let v(m) = -31*m + 10. What is the remainder when v(-3) is divided by 13?
12
Suppose 2*s = 5*u - 3*s - 150, -s + 105 = 4*u. Calculate the remainder when u is divided by (-4)/(-18) + 266/18.
12
What is the remainder when -5*(-5)/50*(25 + -3) is divided by 4?
3
Suppose 3*n = -5*s + 24, -5*s - 4*n + 21 = -2*n. What is the remainder when 4 is divided by s?
1
Suppose 5 = 5*x, -2*h - h + 34 = x. Calculate the remainder when 13 is divided by h.
2
Suppose 10 + 4 = d. Suppose 3*t - 209 + 83 = 3*a, -166 = -4*t + 3*a. Calculate the remainder when t is divided by d.
12
Let u = 9 - 9. Suppose -2*x = u, 4*l + x - 348 = -128. Calculate the remainder when l is divided by 19.
17
Suppose 3*k - 2*k + 15 = 0. Let m = k - -24. Calculate the remainder when 24 is divided by m.
6
Let f = -92 - -104. What is the remainder when (-18 + -2)*-4 + 1 is divided by f?
9
Suppose 0 = -5*f + l + 63, f - 6 = 5*l + 21. Calculate the remainder when 53 is divided by f.
5
Let h(d) = -3*d**3 + 23*d**2 - 9*d - 5. Let p(i) = 2*i**3 - 15*i**2 + 6*i + 3. Let y(q) = 5*h(q) + 8*p(q). What is the remainder when 25 is divided by y(5)?
11
Let n be 1/(-5) + (-11)/(-5). Let u be n - 5/(15/(-12)). Let p = u + 1. Calculate the remainder when 20 is divided by p.
6
Suppose -6 = 30*a - 31*a. Calculate the remainder when 62 is divided by a.
2
Suppose -4*f - 16 = -0*f. Let b = 3 + 4. Let x = b + f. Calculate the remainder when 4 is divided by x.
1
Suppose 2*p - 5*t = 57, -5*p + 154 = -3*t + 59. Suppose 5 = -5*r - 0*u - u, -r = -5*u + 1. What is the remainder when p is divided by (2/1 + -11)/r?
7
Let z = -2 + 6. Let t = z - 2. Suppose -4*n + 2 = -10. Calculate the remainder when n is divided by t.
1
Let t = 1 + -6. Let s(p) = p**3 + 7*p**2 + 2*p - 3. Let c(j) = j**2 + 9*j + 13. What is the remainder when s(t) is divided by c(-9)?
11
Suppose f + 0 = 1, -4*f + 70 = 3*v. Calculate the remainder when v is divided by 1/(2*(-1)/(-24)).
10
Let c(d) = d**2 - 14*d + 9. Calculate the remainder when c(15) is divided by 15.
9
Suppose -3*u + 421 = j, 0 = -2*u + 3*j - 54 + 331. Calculate the remainder when u is divided by 36.
32
Let r(d) = -27*d**3 + d**2 - d - 1. Calculate the remainder when 108 is divided by r(-1).
24
Let u(p) = -2 + 5*p + 1 - 7. Calculate the remainder when 43 is divided by u(6).
21
Suppose -p - 13 + 73 = 4*i, 3*p + 44 = 4*i. Calcula